m?
4
Let b = -51 - -117. Suppose -h + 0*p - 33 = 3*p, -h = -5*p + 17. Let f = b + h. What is the units digit of f?
9
Suppose 2*c = 3*j - 28, 23 = 4*j + 5*c - 22. Suppose j = -4*u + 3*u. Let v = u - -24. What is the tens digit of v?
1
Suppose s = -3*q + 2977, 2*q + 2972 = -8*s + 9*s. What is the tens digit of s?
7
Let s = 3331 + -2089. What is the units digit of s?
2
Suppose 47 = -6*v + 371. Let k = v - 33. What is the tens digit of k?
2
Let l be 2/4 - 513/(-6). Let b = -55 + l. What is the units digit of b?
1
Suppose -33502 = 11*r - 25*r. What is the tens digit of r?
9
Let g = 24 - 18. Let n be ((-2)/(-1) - g) + 7. Suppose n*u - 118 = -0*u + 2*h, 3*u + h - 121 = 0. What is the tens digit of u?
4
Let s be (5/(-4))/(1*5/(-20)). Suppose -s*n = -101 - 14. What is the units digit of n?
3
Let w(a) = -a**3 - 5*a**2 - 2*a - 6. Let l be 6/9*15/(-2). Let z be w(l). Suppose -z*p - 5*s + 25 = -0*p, 2*p + 4*s = 8. What is the units digit of p?
0
Suppose -2*j - 27 = 137. Let z = 128 + j. What is the units digit of z?
6
Let s(z) be the first derivative of z**3/3 - 3*z**2 - 10*z - 2. What is the units digit of s(9)?
7
What is the tens digit of (-44)/1188 + 317525/135?
5
Suppose -3*v - 239 - 266 = 2*n, -2*n = -2. Let t = v + 283. What is the units digit of t?
4
Let g be ((-8)/(-10))/(3/(-315)*-2). Let a = 6 + g. What is the units digit of a?
8
Suppose 0 = -3*i + 12, -3*b + 11847 = -4*i + 2275. What is the units digit of b?
6
Let a = 185 + -130. What is the units digit of a?
5
Let h = -3279 - -6886. What is the tens digit of h?
0
Let m = -8 - -12. Suppose -m*y - 144 = -o - 2*o, 4*y - 192 = -4*o. What is the tens digit of o?
4
Let n be 6/12*(12 - 0). Let h(v) = v**3 - 6*v**2 - 8*v - 7. Let k be h(n). What is the units digit of (-2)/4*6 - k?
2
Let b(i) = -17*i + 48. What is the tens digit of b(-12)?
5
Suppose 2*r + 3*b - 2*b = 4, r + 4 = b. Suppose -29 - 46 = -5*s + 5*z, r = 4*s - z - 63. Let c = s - -6. What is the tens digit of c?
2
What is the units digit of ((-11)/((-99)/2322))/2?
9
Suppose p = 5*y + 380, 392 = -2*p + 3*p - y. What is the hundreds digit of p?
3
Let s = -58 - -156. Let a be s/(-4)*36/(-7). Suppose 6*o = 9*o - a. What is the tens digit of o?
4
Suppose 9*j - 214 = -34. Let a = j - 14. What is the units digit of a?
6
Let l = 41 + 121. What is the tens digit of l?
6
Let s = -19 + 11. Let t = s - -50. What is the tens digit of t?
4
Suppose 18 = -5*z - 5*h + 8, -5*z + 2*h + 25 = 0. Let f be z + (-562)/(-2) + -1. Suppose -6*d = -f + 13. What is the tens digit of d?
4
Suppose -699 = -11*v + 3228. What is the units digit of v?
7
What is the hundreds digit of (-8680)/((-8)/2) - (-1 - 0)?
1
Let q(y) = 12*y - 136. What is the tens digit of q(25)?
6
Let y(x) = x + 10. Let d be (5/10)/((-2)/(-52)). What is the tens digit of y(d)?
2
Let d(v) be the first derivative of -v**5/24 - v**4/8 - 4*v**3 + 4. Let w(l) be the third derivative of d(l). What is the units digit of w(-3)?
2
Let u be (7 - 40)*(-4)/6. Let i = -19 + u. Suppose -i*w + 92 = -0*w - 2*b, -4*w + 4*b = -120. What is the tens digit of w?
3
Suppose p - 165 = -3*a, 5*p + a - 789 = -2*a. What is the tens digit of p?
5
Suppose -676 = 2*a - 6*a. Suppose 4*k = 2*h + 76, 5*k + h = a - 60. What is the tens digit of k?
2
Let a(o) be the first derivative of -o**4/4 + 4*o**3 - 6*o**2 + 27*o - 71. Suppose 5*d = -4*v + 39, 2*v - d - 26 = 3*d. What is the units digit of a(v)?
6
Let j = -32 - -44. Let a be (j/(-18))/((-3)/(-45)). Let w = a + 62. What is the tens digit of w?
5
Let d = -50 - -48. What is the units digit of (-45)/d*((-48)/(-9))/2?
0
Suppose d - 14 + 7 = 0. Let h(k) = -6 + 4*k - d*k + k + 3 + k**2. What is the tens digit of h(-4)?
2
Let a(t) = t**2 + 17*t - 15. Let x be a(-18). Let g = x + 21. What is the tens digit of g?
2
Let u(s) = -7 + 5 - s + 1 + 2 + 6*s**2. Let a be 6/27 + 14/18. What is the units digit of u(a)?
6
Let x(m) = -4*m**3 + 21*m**2 + 152*m - 24. What is the tens digit of x(-10)?
5
Let w be (-49)/2*(-18 - -40). Let p = 794 + w. What is the hundreds digit of p?
2
Suppose 16*h - 19*h - 3040 = -2*b, -b + 3*h = -1523. What is the tens digit of b?
1
Suppose 138*a - 140*a = -4*s + 3248, -2445 = -3*s - 3*a. What is the units digit of s?
3
Let p = 1287 - 448. What is the units digit of p?
9
Suppose -15*j - 95 = -1985. What is the tens digit of j?
2
What is the tens digit of -1*2/6*-2733 + 0?
1
Let d(u) = -23 + u**3 + 3*u**3 - u**3 - u**2 + 22. Let q be d(-4). What is the units digit of q/(-7) + 10/70?
0
Suppose -3*d + 32 = 4*a, 2*a - 56 + 14 = 5*d. Let j = a - -40. Suppose j = 3*o + g, 57 = 4*o + 4*g + g. What is the tens digit of o?
1
Let w(x) = -x**3 - 9*x**2 - 7*x + 11. Let j be w(-8). What is the hundreds digit of 5/(30/4) - (-478)/j?
1
Suppose -3*w + 8 = 5*v, -1 = -5*v + 4. Let a be 4/(-4) - (-2 - w). Suppose r = 4, -4*n + a*r = -3*r - 16. What is the units digit of n?
9
Suppose -3*b + 189 = -12*b. Let m = b + 104. What is the tens digit of m?
8
Suppose -8*h = -36 - 404. What is the tens digit of h?
5
Suppose 4*h = 7*h - 246. Suppose -3*x = -739 + h. What is the units digit of x?
9
Let c(h) = h**2 - 6*h + 3. Let a be c(7). Suppose -3*i + 46 = a. What is the units digit of i?
2
Let b = 33 + -37. Let n = -26 + 17. Let h = b - n. What is the units digit of h?
5
Let a(l) = l**3 + 18*l**2 - 29*l - 149. What is the units digit of a(-15)?
1
Let w = -385 + 1127. What is the units digit of w?
2
Suppose -12*o = -10*o + q - 1287, 640 = o + 4*q. What is the tens digit of o?
4
Let s(g) = 22*g + 74. What is the tens digit of s(15)?
0
What is the units digit of 10*(508/20 + 6)?
4
Let s be -1*1*(3 - 4). What is the hundreds digit of 7/2*s*(-210)/(-5)?
1
Let m be 4/(-40)*-5*16. Suppose -3*d - 193 = -5*h, 5*h + m*d = 3*d + 225. What is the tens digit of h?
4
Let j be (-44)/10 - 16/(-40). What is the units digit of j/(-22) - (-1176)/66?
8
Let g(x) = x**3 + 33*x**2 - 64*x + 9. What is the tens digit of g(-34)?
2
Let f(o) = -o**3 - 7*o**2 - 4*o + 2. Let m be f(-6). Let i be (-12)/m*50/(-15). What is the units digit of -2*1/i*18?
9
Let q = 4433 + -2919. What is the tens digit of q?
1
Let f(h) = -h**2 - 3*h - 1. Let o be f(-4). Let d(t) = t**2 + 11. Let a be d(o). What is the tens digit of (a/(-20))/(5/(-125))?
4
What is the units digit of -6 + 16 - 15*-184?
0
Let g(b) = b**3 + 7*b**2 - 5. Let p be g(-7). Let k = -57 + p. Let n = 98 + k. What is the tens digit of n?
3
What is the tens digit of (4/(-18)*3189)/((-4)/6)?
6
Let b = 442 + -108. What is the hundreds digit of b?
3
Suppose -q = 1 - 5. Suppose -q*d + 202 = 34. What is the units digit of d?
2
Suppose -3*h + 5 = -5*a - 4, 0 = -5*a + h - 3. Suppose -11 = 5*i + 14, 0 = 3*j - 5*i - 31. Suppose 0*o + o = 5*q - 6, 2*o + j = a. What is the units digit of q?
1
Suppose 0 = 5*a + 4*y + y - 10, -2*a = -y + 8. What is the tens digit of 1/(a/240*-4)?
3
Let k = 265 - 165. What is the units digit of k?
0
Suppose -3*m - 3*q = 36, 2*q + 48 = -6*m + 2*m. Let v(y) = -y - 7. Let j be v(m). What is the units digit of (j - 3) + -4 + 4?
2
Suppose 5 = -3*o + 341. Let a = o + -51. What is the tens digit of a?
6
Let a be -2 - (4 - 24/4). Suppose a*q = 6*q - 600. What is the tens digit of q?
0
Let v = -11 + 16. What is the units digit of (-4 + v - -1)/((-4)/(-138))?
9
Let x be (122/4)/(7/14). Suppose -49 = -2*c - n, 4*n + x = 3*c + 3*n. What is the tens digit of c?
2
Let o(z) = 2*z**2 - 21*z + 2. Let v be o(14). Suppose 2*i + 5*c - 100 = 0, 2*i + 4*c - 8*c - v = 0. What is the tens digit of i?
5
Let i be (-60)/18*24/(-10). Let c be 26/8 + (-2)/i. What is the units digit of (-2)/(-5) + c/5?
1
Let g(n) = -2*n**3 + 8*n**2 + 8*n + 4. Let u(o) = -2*o**3 + 8*o**2 + 9*o + 3. Let w(y) = -3*g(y) + 2*u(y). What is the units digit of w(7)?
6
Suppose -8*c + 1420 = -4*c. Let s = c - 182. What is the tens digit of s?
7
Suppose -32*d = -12000 - 111072. What is the hundreds digit of d?
8
Let j be 4 - 1/2*-2. Suppose 0 = j*h - 2*v - 43, -5*h - 11 = 2*v - 38. Suppose 0 = 5*x - 3*g - 35, 2*g + 11 = 2*x - h. What is the units digit of x?
4
Let g be 9 + -10 + 3*(-5)/(-3). Suppose -g*z = -68 - 52. What is the units digit of z?
0
What is the hundreds digit of (10 - 4) + (-6 - -487)?
4
Suppose 15 = -h + 6*h. Suppose 0*j - 3*j = h*v - 18, 3*v - 6 = 0. Suppose -j*y + 36 = -96. What is the units digit 